-y + 0 - 3 + f. Is v(-6) a composite number?
False
Suppose -5*o + 2*o + 99 = 0. Suppose f = 5*f - 3*j - 31, 0 = -2*f + 5*j + o. Suppose 2*y - 272 = -3*m, f*m - 6*y = -y + 401. Is m a composite number?
True
Let o(b) be the first derivative of -19*b**5/20 + b**4/12 - b**3/3 - 3*b**2/2 - 2*b + 4. Let l(k) be the first derivative of o(k). Is l(-2) a prime number?
True
Let h(r) = r + 193. Let u be h(0). Suppose 5*t - u = -5*g + g, 5*t = -2*g + 189. Is t a composite number?
False
Suppose 2*w - 7 - 1 = 0. Suppose 4*y = -8 - w. Is (-1)/y - 44/(-3) prime?
False
Let c = -14 - -51. Is c prime?
True
Is (36374/78)/((-1)/(-3)) prime?
True
Let q be (4/3)/(2/3). Suppose 0 = q*o - 5*o - 33. Is 4/22 - 141/o prime?
True
Let l(k) = 20*k**2 + 6*k + 5. Is l(-3) a composite number?
False
Let g = 313 - 79. Let t be -6*(-2 + 249/6). Is 1/(g/t + 1) a composite number?
False
Let u = 155 + -78. Is u a composite number?
True
Let x(n) = -15*n - 28. Is x(-7) composite?
True
Let k be ((-2)/(-5))/((-2)/(-20)). Suppose 0 = d - k, -6*d - 40 = 2*f - 3*d. Let q = 11 - f. Is q prime?
True
Suppose 491 = r - 3*b, 0*b = -4*r + 3*b + 2000. Is r composite?
False
Suppose 5*y - 5*h = 5145, -9*y + 4*y + 5131 = 2*h. Is y a composite number?
True
Let i(c) be the third derivative of 7*c**6/120 + c**5/60 - c**4/12 - c**3/6 + 5*c**2. Let y be (8/((-2)/(-1)))/2. Is i(y) composite?
True
Let s = -10 + 6. Suppose -3*u - l - 318 - 263 = 0, 5*u - 5*l + 975 = 0. Is s/(-6) - u/6 composite?
True
Suppose -5*b + 50 = 4*x - 10, 5*x + 3*b = 62. Let t = x + 0. Is t composite?
True
Let i(b) = -b**3 + 4*b - 3. Let m be i(-5). Let n = -23 + m. Is n a composite number?
False
Let d = 111 - -12. Is d a prime number?
False
Suppose 18 = 2*p - 12. Suppose -69 - p = -4*f. Is f prime?
False
Suppose 2*j - f - 8 = 0, -5*f = -3*j - j + 22. Suppose -2*q + 5*q + j = 0. Is 1 - (q - (0 - -1)) composite?
False
Let l(h) = -51*h**3 - 4*h**2 - 3*h - 1. Is l(-2) a prime number?
True
Suppose 0 = -3*p + 4*p - 2. Suppose -a + p + 13 = 0. Is a composite?
True
Let y be (-1)/(-2)*(4 - 0). Suppose 7*c = -y*t + 3*c + 16, 2*t + 4 = c. Suppose -2*w + 12 = -t*w. Is w a composite number?
True
Let m = 524 + 1359. Is m a prime number?
False
Let c be 29620/35 - (-2)/(-7). Suppose 5*x = -191 + c. Let v = x + 24. Is v a composite number?
True
Let q be (18/(-3))/((-4)/162). Is (-2 + q/(-4))*-4 composite?
False
Let f(n) = 33*n**3 + 3*n**2 + n + 1. Let y(i) = 34*i**3 + 4*i**2 + 2*i + 2. Let z(c) = -7*f(c) + 6*y(c). Is z(-2) prime?
True
Let k be (-368)/(-4) + 3 + -1. Suppose k = 5*r - 91. Is r a composite number?
False
Suppose -6*y + 4459 = -3995. Is y a composite number?
False
Let s(x) = 11*x**2 + 6*x + 11. Is s(-12) composite?
False
Suppose -1 = 2*a + 3. Is (11 + 2)*9 + a a composite number?
True
Let n(l) = l + 15. Let j be n(0). Let a be (33/3)/(0 - -1). Let y = j + a. Is y a composite number?
True
Let l(p) = -p**2 + 23*p - 31. Is l(15) composite?
False
Let u(y) = -3*y**3 + y**2. Let f be u(-1). Suppose 2*t + 5*a - 2 = 6, t + 3*a - f = 0. Suppose -2*s + 33 = 2*b - 17, -86 = -t*s + 3*b. Is s a composite number?
False
Let k be (34*-4)/(1/(-2)). Let z(x) = 29*x**2 + 3*x + 1. Let v be z(4). Let g = v - k. Is g a prime number?
False
Let x(k) = 26*k**2 + 1. Let w be x(1). Let q = w + 134. Is q a composite number?
True
Let w(p) = -4*p + p + p - 1 + 71*p**2 - 1. Is w(-1) a prime number?
True
Suppose 2*w = 2*y + 204, 4*w = -0*y + y + 411. Is w prime?
True
Let j be (-3 - -1) + (-412)/4. Let r = j + 298. Let g = 284 - r. Is g prime?
False
Suppose 0 = y - 3*o + 3 - 6, -3*y - o + 9 = 0. Suppose -2 = f - y*f. Is f - ((2 - 2) + -32) a prime number?
False
Let t(i) = -3*i + 13. Is t(-12) prime?
False
Is (6/(-18))/(2/(-1146)) prime?
True
Suppose -5*l = -3668 + 1333. Is l composite?
False
Suppose 0 = -r - 7 + 30. Let n be 5*-2*(-6)/(-5). Let u = r + n. Is u prime?
True
Let k(q) = 5*q - 7. Suppose -5*c + 16 = -2*c - 5*l, -5*c - 3*l = -72. Is k(c) prime?
True
Let a be (-3966)/(-9) + (-1)/(-3). Let w(h) = -12*h + 10. Let j be w(10). Let l = a + j. Is l a prime number?
True
Let r(b) = 19*b - 1. Let d be r(-2). Let s(c) = 15*c - 29. Let j be s(7). Let z = j + d. Is z prime?
True
Suppose -3*n + 2 - 7 = 2*d, 3*d + 2*n = 5. Let t = 11 - d. Is t a prime number?
False
Suppose 3*f + 678 = g + 4*f, -2036 = -3*g - f. Is g a composite number?
True
Let c(k) = 2*k + 2. Let x be c(5). Suppose 5*r + x = -3*p - p, p + 3 = 0. Suppose r = 4*l + 4*j - 216, 0 = l - 5*l + 2*j + 210. Is l prime?
True
Let u(v) = -v - 1. Let f(d) = -2*d + 7. Let b(h) = -f(h) - 2*u(h). Is b(4) a composite number?
False
Suppose -4*h + 1153 = 3*g, -2*g = 3*h + 47 - 912. Is h a prime number?
False
Is ((-4)/6)/(4/(-1266)) prime?
True
Let f = 175 + -98. Is f composite?
True
Let r = 15 - 42. Let u = 94 - r. Suppose 0 = -2*g, 4*m = 4*g + u + 67. Is m composite?
False
Suppose 2*j - 35 = 135. Is j a prime number?
False
Suppose -3*i + 72 = -39. Is i prime?
True
Let o be (7 + -6)*(2 - 0). Let l be 0 + 0 + (2 - 0). Suppose 5*a - l*b = 103, -o*a + b - 3*b + 30 = 0. Is a prime?
True
Let s(v) = v**2 - 13*v + 12. Let k be s(9). Let j = 43 + k. Is j a composite number?
False
Suppose 4*g = 4*k - 96, -g - g - 5*k - 20 = 0. Is 10/2*(-1996)/g a composite number?
False
Let k(r) = 7*r**2 - r. Let b be k(-1). Let q(v) = -4*v**2 - 7*v + 10. Let z(h) = 9*h**2 + 14*h - 21. Let g(u) = -7*q(u) - 3*z(u). Is g(b) prime?
True
Let k = 28 + -17. Let w = -4 + k. Is (49 - (-3 + 5))*w composite?
True
Suppose -4*d + y + 0*y = -12, 4*y = 2*d + 8. Suppose -5*x = -2*i + 5, i + 2 - 6 = d*x. Is (2/(-2) - i)*-79 a prime number?
True
Let g(n) = -232*n + 17. Is g(-2) a prime number?
False
Suppose 3*y - 23 = -y - 5*n, -4*y = n - 11. Suppose -6*r = -y*r. Suppose 0 = -2*j + 4, -36 = -2*d - r*j + j. Is d a composite number?
False
Suppose 2*d - 6*d - 4325 = -t, 4*t - 4*d = 17336. Is t prime?
True
Let k be (-2)/11 + 620/22. Suppose 3*j = 5*z + 132, -k = -j + z + 18. Is j a prime number?
False
Suppose 2*t = -2*t + k - 6, 5*k - 12 = 2*t. Let b be (t - -1)*(-1)/(-2). Suppose 0 = -b*v + v - 10. Is v composite?
True
Suppose -2 = h - 3*a - 3, 5*h + 2*a - 22 = 0. Let n = -6 + 8. Suppose h*v = 4*q - 224, -n = 2*v - 0*v. Is q a composite number?
True
Suppose 4676 = 4*s - 2*a, -970 + 5634 = 4*s - 5*a. Is s a prime number?
True
Let z(r) = r**2. Let i(w) = 2*w**2 + 5*w + 3. Let v(h) = -i(h) + 3*z(h). Is v(-3) composite?
True
Let a = 8 + -13. Let u be a/(-2)*(-3 + -1). Let f(r) = r**3 + 10*r**2 - 13*r - 3. Is f(u) a composite number?
False
Let w(h) = -12*h - 11. Let p(z) = 12*z + 12. Let n(f) = -4*p(f) - 3*w(f). Is n(-12) a prime number?
False
Suppose 0 = -4*x - 3*p + 2296, 0 = -3*x - 5*p + 3*p + 1721. Is x prime?
True
Suppose -2*s = 2*s - 4*h - 12, -h + 5 = 3*s. Is -4 + s + 123*1 a prime number?
False
Let n(s) = -10*s**3 + 2*s**2 - 2*s - 1. Is n(-3) composite?
False
Suppose 0 = -8*l + 3*l. Is -1*-127*(1 - l) composite?
False
Suppose -1242 = 2*v - 4364. Is v prime?
False
Let t = -9 + 11. Let s(z) = -3 + 9*z**2 + 1 - 2*z - t. Is s(3) a prime number?
True
Let f be (10/8)/((-2)/(-8)). Suppose -291 = -f*g - 4*z, 3*z - z - 293 = -5*g. Is g a composite number?
False
Suppose 4*m - 3*z = -m + 40, -3*m - 3*z = 0. Suppose -r - 3*r = m*q + 57, 3*q = r - 24. Is 10/(-45) - 173/q a composite number?
False
Let r be -1*2*3/(-3). Suppose 5*j - v - 1046 = 0, 0 = r*j + 3*v - 45 - 387. Let k = -125 + j. Is k a prime number?
False
Suppose -5*r + 566 = -429. Is r prime?
True
Suppose 0 = -3*y + 4 - 1. Is (-1)/(-2)*(y + 193) prime?
True
Let h be (5/4)/((-2)/(-32)). Suppose -5*s + h = 0, -2 = -3*r - 3*s + 118. Suppose 2*f = 134 - r. Is f a composite number?
True
Suppose -17*z = -16*z - 5261. Is z a composite number?
False
Let d(p) = p**3 + 20*p**2 + 5*p + 13. Let r be d(-14). Suppose -2*a + r = a. Is a prime?
True
Let l be 4 - (0 - -4)/2. Is 596/5 - l/10 a prime number?
False
Let x be (-4 + 0)*(-24)/32. Suppose x*b + 222 = 5*b. Is b a prime number?
False
Let t be 58*(0 + (-39)/(-6)). Suppose 3*g = g + 5*b + t, 0 = 5*g + 3*b - 1020. Is g a composite number?
True
Let y = -19 + 11. Let i = 13 + -14. Let g = i - y. Is g a prime number?
True
Let g = 111 - 41. Let m = -20 + 88. Suppose g = 2*j - m. Is j composite?
True
Let u = 15 - 11. Suppose 2*q = u*q - 14. Is q a prime number?
True
Let y = 0 - 7.